l(g) = -11*p(g) - 6*s(g). What is l(h)?
-3
Let r(n) = n**3 - 8*n**2 - 8*n - 8. Let p(k) = k + 0 + k**2 - 3 - 3 + k. Suppose 2*q - 5*v = 0, 3*v + 26 = -2*q - 2*q. Let b be p(q). Give r(b).
1
Suppose -17*a + 302 = 52*a - 181. Let r(d) = -3*d**2 + 15*d + 15. Give r(a).
-27
Let m(i) be the third derivative of i**4/24 - i**3/2 - 32*i**2. Let s(t) = -2*t**3 - t**2 + 2*t + 1. Let d be s(-2). Determine m(d).
6
Let b(s) = 10*s - 344. Let d be b(35). Let v(j) = j - 11. Give v(d).
-5
Let a(f) = 3*f**3 + 4*f**2 + 4*f - 26. Let u(h) = -5*h**3 - h**2 - 3*h + 27. Let z(o) = -3*a(o) - 2*u(o). Calculate z(10).
-36
Suppose 0 = -639*l + 1008*l - 369. Let p(q) = 19*q**3 - 3*q**2 + 3*q - 1. Calculate p(l).
18
Let k(p) = p + 1. Let h = -1459 + 1463. Calculate k(h).
5
Let b(r) be the third derivative of -r**5/20 + r**4/8 - r**3/2 + 2*r**2 - 13. Let c = -5 - -7. Let j = 4 - c. Determine b(j).
-9
Let n(i) = -i**3 + 13*i**2 - 7*i - 168. Let f be n(11). Let j(h) = -h - 6. What is j(f)?
-3
Let v be (-4 - -9) + 1 + 0. Let f(q) = -5 - v*q + 2 + 4 + 2. What is f(5)?
-27
Let v be (1120/84)/((-2)/18). Let d be v/(-32) - (-9)/(-12). Let l(i) = i - i**2 + 0*i + d*i - 3*i. Give l(1).
0
Let k(o) be the second derivative of o**5/10 - 5*o**4/6 + o**3/3 - 3*o**2 + o - 804. Let v be 16*(-4)/(-8) - (0 + 3). Determine k(v).
4
Let s be ((-41)/(2460/(-144)))/((-3)/10). Let c(t) = t**3 + 9*t**2 + 6*t - 18. Give c(s).
-2
Let m(y) = -17*y + 1. Let g be 6/87 - 4*85/(-116). What is m(g)?
-50
Let v(q) = q**2 - 11*q - 7. Let f(z) = 2*z**2 - 69*z - 48. Let t be f(35). Let h = 24 + t. Determine v(h).
-7
Let q(j) = 7*j + 24. Let w be (4/3 - 5/15) + 85 + -96. Determine q(w).
-46
Let p(j) be the first derivative of -j**3/3 + 9*j**2 - 9*j + 753. What is p(18)?
-9
Let k(r) = -3*r**3 + 19*r**2 - 5*r. Let p(s) = s**3 - 8*s**2 + 2*s. Let m(c) = -2*k(c) - 5*p(c). What is m(2)?
16
Let f be (-24)/9 - -2 - (-13)/(-39). Let b(q) = 2*q**2 + 4*q + 7. Let v(y) = -4*y**2 - 7*y - 12. Let a(p) = 5*b(p) + 3*v(p). Calculate a(f).
-2
Let w(r) be the first derivative of -r**3/3 - 11*r**2/2 + 3*r - 104. Let c(u) = -u**2 + 51*u + 269. Let l be c(56). Give w(l).
3
Let m(s) = -s**3 - 6*s**2 - 5. Suppose 5*z - 5*l + 5 = 0, 2*z + 4*l = -l + 33. Suppose z*v + v + 2*n = -20, v + 2*n = 4. What is m(v)?
-5
Let g(k) be the second derivative of k**4/8 - 8*k**3/3 - 221*k**2/2 + 104*k. Let v(t) be the first derivative of g(t). Calculate v(9).
11
Let i(k) = k**2 - k. Let s(r) = 2*r**2 - 5*r + 15. Let p(t) = 6*i(t) - s(t). Give p(-2).
3
Let x(l) be the second derivative of l**6/360 - l**5/15 - l**4/24 - 3*l**3/2 + 3*l. Let q(z) be the second derivative of x(z). Determine q(8).
-1
Let y = -23451 + 23453. Let o(i) be the first derivative of 20 + 2*i + 1/2*i**y. Give o(5).
7
Let n be (50 + -56)*(1 - (-2)/(-6)) - -10. Let i(p) = -p**3 + 8*p**2 - 7*p + 10. Determine i(n).
40
Suppose -3*m = -m + 32. Let a = m + 22. Let b(i) = 69*i**2 + 63*i**2 - 133*i**2 + 1 + 4*i. What is b(a)?
-11
Let t be (-6)/5*(42/12 + -1). Let q(s) be the second derivative of -s**3/6 - s**2/2 + 7*s. Let k(v) = 8*v + 10. Let c(u) = -k(u) - 6*q(u). Give c(t).
2
Let k = 2 + 42. Let c(s) = -s**3 - 24*s**2 + 21*s - 86. Let g be c(-25). Suppose k = 5*z + g. Let h(i) = -i**2 + 6*i + 4. Give h(z).
4
Let t be (-26 + -1)/(-3) - (16 + -20). Let z = 7 + -3. Let r(k) = -t + 3 - k + z*k - k. Determine r(7).
4
Suppose -c = -3*w + 24, -2*c + 127*w - 132*w + 7 = 0. Let n(g) = g**2 + 8*g - 7. Calculate n(c).
2
Let m be 2884/(-182) + 16 - 37/(-13). Let s(n) = -9*n - 6. What is s(m)?
-33
Let n(j) = -267*j + 538. Let z be n(2). Let x(i) = 2*i**3 + 2*i**2 + i + 1. Let q(t) = t**3 - t**2 + t. Let y(h) = 3*q(h) - x(h). What is y(z)?
-9
Let t = -106 - -113. Let u be 9 - -2*(-12)/8. Let j(w) = 1 + 7*w - u*w + 2. Give j(t).
10
Let c(a) = -a**2 + 6*a - 15. Suppose 430 = 118*g - 329 + 51. Calculate c(g).
-15
Suppose -39*g - 385 = -116*g. Let p(z) = -2*z**3 + 8*z**2 - 2*z + 17. Determine p(g).
-43
Let l(i) be the second derivative of -i**5/20 + 7*i**4/12 - i**3 + 2*i**2 + i. Let f = 187 + -457. Let u = 276 + f. What is l(u)?
4
Suppose -8*z = -5 - 11. Let k(x) = 0*x + 60 - 63 - z*x. Determine k(-4).
5
Let l(m) = -110*m**3 - 2*m**2 - 2*m + 4. Let c be l(-2). Let i = 886 - c. Let f(o) = 5*o + 4. Determine f(i).
34
Let m = 6141 + -18419/3. Let n(g) be the first derivative of -3/2*g**2 - 11 + 1/4*g**4 - m*g**3 + g. Calculate n(4).
-11
Let m(b) = -886*b + 15057. Let s be m(17). Let i(k) be the second derivative of -k**4/12 - 4*k**3/3 + k**2/2 - k. What is i(s)?
16
Let z(q) = q**3 + 9*q**2 + 8. Suppose 0 = -4*f + 2*l + 172, 2*f - 102 = -3*l - 0*l. Suppose d + f = -4*d. Give z(d).
8
Let c(y) = -y**2 + y + 22. Let k be c(0). Suppose -4*u + 18 = -k. Let p(b) = b**2 - 8*b - 22. Let a be p(u). Let v(q) = -4*q**2 - 4*q - 2. What is v(a)?
-10
Let k(a) be the third derivative of -11/6*a**3 - 2 + 0*a + 75*a**2 + 1/12*a**4. Give k(8).
5
Let i(z) be the second derivative of z**3/6 - 5*z**2/2 - z - 98. What is i(11)?
6
Let v(q) = 50*q**2 - 13*q + 11. Let o(x) = -58*x**2 + 14*x - 11. Let n(h) = -6*o(h) - 7*v(h). What is n(2)?
-5
Let v(b) = -b - 1. Suppose 10*m - 736 = 524. Suppose -m = 47*i - 33*i. Calculate v(i).
8
Let g(b) = 9*b**3 + 2*b + 1. Let p be g(-1). Let f = 15 - -14. Let h(a) = 24 + a - f + 14. Give h(p).
-1
Let v(y) = 6*y - 1. Suppose -4*r = q - 4, -4*q - 9*r = -4*r - 5. Suppose q = 21*m - 17*m + 36. Let l be (3 - (-45)/(-10))*(-6)/m. Determine v(l).
-7
Let i = 5330 - 5324. Let a(o) = -7*o**3 + 14*o**2 - 5*o + 6. Let z(f) = 4*f**3 - 7*f**2 + 2*f - 3. Let n(h) = 3*a(h) + 5*z(h). Determine n(i).
9
Suppose 2*b - 3 + 7 = 0, -b = -2*r + 10. Suppose -h + 4 = -r*n, 5*n + 62 - 46 = 4*h. Let j(w) = w**2 - w - 25. Determine j(n).
-25
Suppose 2*r = r, -g - 4*r = -5. Suppose 73*p = 68*p - g. Let k(v) = -1 + 11*v**3 - 2*v**3 + 2. Give k(p).
-8
Let c(p) = 3*p**3 + p**2 - p. Let g be (9 - 2/2)/(5/10). Suppose 0 = -5*b + g - 6. Suppose -2*h - 2*d - 2 = 0, 0 = h - 2*d - 7 + b. Calculate c(h).
3
Let c(m) = -11*m**2 + 3*m - 3. Let j be 4*1/(-2) - -1*49. Suppose -j*q + 48 = -23*q. Calculate c(q).
-41
Let m(n) = -n**3 - 19*n**2 + 19*n - 28. Suppose -f + 17*y = 15*y + 24, 3*y - 86 = 4*f. Calculate m(f).
-8
Let o(m) = 2*m**2 + 6*m - 17. Let f be o(-7). Let n(t) = t**3 - 38*t**2 - 41*t + 83. Calculate n(f).
5
Let f(y) = -4*y**2 - 87*y + 56*y + 57 + 48*y. Let i(n) = 7*n**2 - 33*n - 113. Let j(u) = -5*f(u) - 3*i(u). Let d be j(17). Let q(a) = -2*a + 7. Give q(d).
1
Let c(w) be the second derivative of -w**3/6 + 2*w**2 + 3*w. Let z = 1940 + -1940. Give c(z).
4
Let w(p) = p**3 - 6*p**2 - 4*p + 9. Suppose -16*x + 1749 = -27*x. Let s = x + 165. What is w(s)?
-15
Let z(i) be the third derivative of 3*i**4/8 + 3*i**3/2 + 5*i**2 + 57*i. What is z(5)?
54
Let c(t) be the second derivative of 11*t**3/3 - 360*t**2 + 3726*t. Give c(33).
6
Let n(g) = g**3 - g**2 + 1. Let v(h) = -2*h**3 + 52*h**2 - 286*h - 36. Let d be v(18). Calculate n(d).
1
Let j(i) = i**2 + 12*i + 19. Let f be (-1)/((-1079)/78 + 14). Give j(f).
-17
Let g(k) = -k**3 - 6*k**2 - 5*k + 4. Let w = 534 + -525. Suppose 14*n = w*n - 25. Determine g(n).
4
Let b(i) = -i**3 + 2*i + 1. Suppose 5*v + 5*j - 211 = -646, 5*v - 2*j + 414 = 0. Let w = -54 - v. Suppose 0 = 3*m - 2*y + 2, 0*m - 5*y = 5*m - w. What is b(m)?
-3
Let b(z) = -z**2 + 44*z + 1463. Let d be b(-22). Let n(p) = p**2 - 11*p - 19. Calculate n(d).
-19
Let p(h) = 5*h**3 - 81*h**2 + 14*h + 20. Let t(k) = 31*k**3 - 502*k**2 + 84*k + 121. Let c(m) = 25*p(m) - 4*t(m). Calculate c(16).
-16
Let b(s) be the second derivative of -11*s**3/6 - 37*s**2/2 - 14906*s. Calculate b(-22).
205
Let w(z) be the first derivative of -z**3/3 - 8*z**2 - 29*z - 6393. Give w(-19).
-86
Let m(r) = 3*r + 2 + 4 - 11. Let k(c) = -c**2 + 15*c - 7. Let l be k(12). Suppose -n + l = 5*a - 4*n, -3*a = n - 23. Calculate m(a).
16
Let x(a) = -a**3 + 4*a**2 + 4*a - 6. Suppose 4*j - 54 = 2*w, 4*j + 3*w = 32 + 17. Suppose -64 = -j*t + 1. Calculate x(t).
-11
Let r = -3 - 0. Let s(z) be the first derivative of z**3/3 + 5*z**2/2 + 2*z + 6887. Determine s(r).
-4
Let b be (-2)/(-3) + (-10)/6. Let d(m) be the third derivative of 1/60*m**6 + 35*m**2 + 0*m**3 + 0*m + 0*m**4 + 2 + 1/60*m**5. Determine d(b).
-1
Let a be 4/3*4/(8/(-15)). Let x be (-15)/a*(0 + 2). Let i b